{"id":22,"date":"2017-10-06T05:37:03","date_gmt":"2017-10-06T08:37:03","guid":{"rendered":"http:\/\/www.grupocaht.com\/nuevaweb\/?page_id=22"},"modified":"2021-02-23T12:13:32","modified_gmt":"2021-02-23T15:13:32","slug":"quienes-somos-x","status":"publish","type":"page","link":"https:\/\/www.grupocaht.com\/en\/quienes-somos-x\/","title":{"rendered":"Quienes somos X"},"content":{"rendered":"<h2 class=\"wp-block-heading\">Comisi\u00f3n Directiva<\/h2>\n\n\n\n<div class=\"wp-block-columns is-layout-flex wp-container-core-columns-is-layout-9d6595d7 wp-block-columns-is-layout-flex\">\n<div class=\"wp-block-column is-layout-flow wp-block-column-is-layout-flow\">\n<p><strong>PRESIDENTE<\/strong><br>Dr. Roberto Pozner<\/p>\n\n\n\n<p><strong>COORDINADORES ASOCIADOS<\/strong><br>Dra. Carla P. Giumelli<br>Dr. Miguel Castro R\u00edos<\/p>\n\n\n\n<p><strong>SECRETARIO<\/strong><br>Dr. Claudio Rosa<\/p>\n\n\n\n<p><strong>TESORERO<\/strong><br>Dra. Laura Vrdoljak<\/p>\n<\/div>\n\n\n\n<div class=\"wp-block-column is-layout-flow wp-block-column-is-layout-flow\">\n<p><strong>VOCALES<\/strong><br>Dra. Susana Meschengieser<br>Dra. Ana Glembotsky<br>Dra. Mar\u00eda Mercedes Zirpoli<\/p>\n\n\n\n<p><strong>VOCALES SUPLENTE<\/strong><br>Dr. Luis Aversa<br>Dra. Silvina Eliana Annetta<\/p>\n\n\n\n<p><strong>REVISORES DE CUENTA<\/strong><br>Dra. Ludmila P. Elhelou<br>Dra. Patricia Do Nascimento<\/p>\n\n\n\n<p><strong>REVISORES DE CUENTA&nbsp;SUPLENTE<\/strong><br>Dr. Emanuel Sueldo<\/p>\n<\/div>\n<\/div>\n\n\n\n<hr class=\"wp-block-separator\"\/>\n\n\n\n<div class=\"wp-block-columns is-layout-flex wp-container-core-columns-is-layout-9d6595d7 wp-block-columns-is-layout-flex\">\n<div class=\"wp-block-column is-layout-flow wp-block-column-is-layout-flow\">\n<p>1978 \u2013 1980 Ra\u00fal Altman (coordinador general)<br>1981 \u2013 1982 Luc\u00eda Kordich<br>1983 \u2013 1984 Jorge Rouvier<br>1985 \u2013 1986 H\u00e9ctor Hendler<br>1987 \u2013 1988 Mar\u00eda Lazzari<br>1989 \u2013 1990 Oscar Vidal<br>1991 \u2013 1992 Eduardo Swarczer<br>1993 \u2013 1994 H\u00e9ctor Hendler<br>1995 \u2013 1996 H\u00e9ctor Hendler1993<br>1997 \u2013 1998 Jorge Kor\u00edn<\/p>\n<\/div>\n\n\n\n<div class=\"wp-block-column is-layout-flow wp-block-column-is-layout-flow\">\n<p>1999 \u2013 2000 Luis Aversa<br>2001 \u2013 2002 Luis Aversa<br>2003 \u2013 2004 Ricardo Forastiero<br>2005 \u2013 2006 Ricardo Forastiero<br>2007 \u2013 2008 Alicia Blanco<br>2009 \u2013 2010 Alicia Blanco<br>2011 \u2013 2012 Patricia Casais<br>2013 \u2013 2014 Patricia Casais<br>2015 \u2013 2016 Andrea Rossi<br>2017 \u2013 2019 Andrea Rossi<\/p>\n<\/div>\n<\/div>\n\n\n\n<hr class=\"wp-block-separator\"\/>\n\n\n\n<h2 class=\"wp-block-heading\">Estatuto 2017<\/h2>\n\n\n\n<p>Estatuto vigente del Grupo CAHT \u2013 A\u00f1o 2017<br>Aprobado en el a\u00f1o 2014 seg\u00fan Resoluci\u00f3n de la Inspecci\u00f3n Gral. de Justicia (IGJ) N\u00b01591<br><a href=\"http:\/\/www.grupocaht.com\/en\/estatuto\/\">Ver m\u00e1s\u00a0<\/a><\/p>","protected":false},"excerpt":{"rendered":"<p>El Grupo CAHT es una asociaci\u00f3n que se dedica a lorem ipsum dolor sit amet, consectetur adipiscing elit, sed do eiusmod tempor incididunt ut labore et dolore magna aliqua. Ut enim ad minim veniam, quis nostrud exercitation ullamco laboris nisi ut aliquip ex ea commodo consequat.<\/p>","protected":false},"author":1,"featured_media":1469,"parent":0,"menu_order":0,"comment_status":"closed","ping_status":"closed","template":"","meta":{"footnotes":""},"class_list":["post-22","page","type-page","status-publish","has-post-thumbnail","hentry"],"_links":{"self":[{"href":"https:\/\/www.grupocaht.com\/en\/wp-json\/wp\/v2\/pages\/22","targetHints":{"allow":["GET"]}}],"collection":[{"href":"https:\/\/www.grupocaht.com\/en\/wp-json\/wp\/v2\/pages"}],"about":[{"href":"https:\/\/www.grupocaht.com\/en\/wp-json\/wp\/v2\/types\/page"}],"author":[{"embeddable":true,"href":"https:\/\/www.grupocaht.com\/en\/wp-json\/wp\/v2\/users\/1"}],"replies":[{"embeddable":true,"href":"https:\/\/www.grupocaht.com\/en\/wp-json\/wp\/v2\/comments?post=22"}],"version-history":[{"count":16,"href":"https:\/\/www.grupocaht.com\/en\/wp-json\/wp\/v2\/pages\/22\/revisions"}],"predecessor-version":[{"id":5001,"href":"https:\/\/www.grupocaht.com\/en\/wp-json\/wp\/v2\/pages\/22\/revisions\/5001"}],"wp:featuredmedia":[{"embeddable":true,"href":"https:\/\/www.grupocaht.com\/en\/wp-json\/wp\/v2\/media\/1469"}],"wp:attachment":[{"href":"https:\/\/www.grupocaht.com\/en\/wp-json\/wp\/v2\/media?parent=22"}],"curies":[{"name":"wp","href":"https:\/\/api.w.org\/{rel}","templated":true}]}}

<h2 class="wp-block-heading">Comisión Directiva</h2>



<div class="wp-block-columns is-layout-flex wp-container-core-columns-is-layout-9d6595d7 wp-block-columns-is-layout-flex">
<div class="wp-block-column is-layout-flow wp-block-column-is-layout-flow">
<p><strong>PRESIDENTE</strong><br>Dr. Roberto Pozner</p>



<p><strong>COORDINADORES ASOCIADOS</strong><br>Dra. Carla P. Giumelli<br>Dr. Miguel Castro Ríos</p>



<p><strong>SECRETARIO</strong><br>Dr. Claudio Rosa</p>



<p><strong>TESORERO</strong><br>Dra. Laura Vrdoljak</p>
</div>



<div class="wp-block-column is-layout-flow wp-block-column-is-layout-flow">
<p><strong>VOCALES</strong><br>Dra. Susana Meschengieser<br>Dra. Ana Glembotsky<br>Dra. María Mercedes Zirpoli</p>



<p><strong>VOCALES SUPLENTE</strong><br>Dr. Luis Aversa<br>Dra. Silvina Eliana Annetta</p>



<p><strong>REVISORES DE CUENTA</strong><br>Dra. Ludmila P. Elhelou<br>Dra. Patricia Do Nascimento</p>



<p><strong>REVISORES DE CUENTA&nbsp;SUPLENTE</strong><br>Dr. Emanuel Sueldo</p>
</div>
</div>



<hr class="wp-block-separator"/>



<div class="wp-block-columns is-layout-flex wp-container-core-columns-is-layout-9d6595d7 wp-block-columns-is-layout-flex">
<div class="wp-block-column is-layout-flow wp-block-column-is-layout-flow">
<p>1978 – 1980 Raúl Altman (coordinador general)<br>1981 – 1982 Lucía Kordich<br>1983 – 1984 Jorge Rouvier<br>1985 – 1986 Héctor Hendler<br>1987 – 1988 María Lazzari<br>1989 – 1990 Oscar Vidal<br>1991 – 1992 Eduardo Swarczer<br>1993 – 1994 Héctor Hendler<br>1995 – 1996 Héctor Hendler1993<br>1997 – 1998 Jorge Korín</p>
</div>



<div class="wp-block-column is-layout-flow wp-block-column-is-layout-flow">
<p>1999 – 2000 Luis Aversa<br>2001 – 2002 Luis Aversa<br>2003 – 2004 Ricardo Forastiero<br>2005 – 2006 Ricardo Forastiero<br>2007 – 2008 Alicia Blanco<br>2009 – 2010 Alicia Blanco<br>2011 – 2012 Patricia Casais<br>2013 – 2014 Patricia Casais<br>2015 – 2016 Andrea Rossi<br>2017 – 2019 Andrea Rossi</p>
</div>
</div>



<hr class="wp-block-separator"/>



<h2 class="wp-block-heading">Estatuto 2017</h2>



<p>Estatuto vigente del Grupo CAHT – Año 2017<br>Aprobado en el año 2014 según Resolución de la Inspección Gral. de Justicia (IGJ) N°1591<br><a href="http://www.grupocaht.com/en/estatuto/">Ver más </a></p>

<p>El Grupo CAHT es una asociación que se dedica a lorem ipsum dolor sit amet, consectetur adipiscing elit, sed do eiusmod tempor incididunt ut labore et dolore magna aliqua. Ut enim ad minim veniam, quis nostrud exercitation ullamco laboris nisi ut aliquip ex ea commodo consequat.</p>
